{"id":147,"date":"2019-09-02T20:27:14","date_gmt":"2019-09-02T20:27:14","guid":{"rendered":"https:\/\/www.fsai.ch\/sample-page\/"},"modified":"2019-10-16T20:05:14","modified_gmt":"2019-10-16T20:05:14","slug":"sample-page","status":"publish","type":"page","link":"https:\/\/www.fsai.ch\/fr\/","title":{"rendered":"fsai \u2013 Verband freierwerbender Schweizer Architekten"},"content":{"rendered":"\n\t\n\t\t<!-- MasterSlider -->\n\t\t<div id=\"P_MS69f1f12a0a557\" class=\"master-slider-parent ms-parent-id-1\"  >\n\n\t\t\t\n\t\t\t<!-- MasterSlider Main -->\n\t\t\t<div id=\"MS69f1f12a0a557\" class=\"master-slider ms-skin-default\" >\n\t\t\t\t \t\t\t\t \n\t\t\t<div  class=\"ms-slide start-slider\" data-delay=\"5.5\" data-fill-mode=\"fill\"   >\n\t\t\t\t\t<img decoding=\"async\" src=\"https:\/\/www.fsai.ch\/wp-content\/plugins\/masterslider\/public\/assets\/css\/blank.gif\" alt=\"\" title=\"\" data-src=\"https:\/\/www.fsai.ch\/wp-content\/uploads\/2019\/09\/fsai-header-1.jpg\" \/>\n\n\t\t\t\t\t<div  class=\"ms-layer slidertitle msp-cn-1-5\" style=\"\"   data-effect=\"t(true,-500,n,n,n,n,n,n,n,n,n,n,n,n,n)\"   data-ease=\"easeOutQuint\"         data-resize=\"false\"       data-offset-x=\"10\" data-offset-y=\"-70\" data-origin=\"ml\" data-position=\"normal\"  >\nNetzwerk und<br>Kompetenz<\/div>\n\n\t\t\t\t\t<div  class=\"ms-layer slidertxt msp-cn-1-20\" style=\"width:500px;\"   data-effect=\"t(true,n,150,n,n,n,n,n,n,n,n,n,n,n,n)\"  data-delay=\"400\" data-ease=\"easeOutQuint\"      data-fixed=\"true\"   data-resize=\"false\"       data-offset-x=\"10\" data-offset-y=\"70\" data-origin=\"ml\" data-position=\"normal\"  >\nDer fsai legt Wert auf die kulturelle, soziale und wirtschaftliche Rolle des freierwerbenden Architekten, indem er auf eine nachhaltige Entwicklung achtet und permanent nach Qualit\u00e4t strebt.<\/div>\n\n\t\t\t\t\t<a  href=\"https:\/\/www.fsai.ch\/ueber-uns\/\" target=\"_self\" class=\"ms-layer sliderbutton msp-cn-1-21 ms-btn ms-btn-box ms-btn-n msp-preset-btn-84\" data-effect=\"t(true,n,150,n,n,n,n,n,n,n,n,n,n,n,n)\" data-duration=\"400\" data-delay=\"1000\" data-ease=\"easeOutQuint\"      data-fixed=\"true\"  data-type=\"button\" data-resize=\"false\"       data-offset-x=\"10\" data-offset-y=\"150\" data-origin=\"ml\" data-position=\"normal\"    >\nmehr<\/a>\n\n\n\t\t\t\t<\/div>\n\n\t\t\t<\/div>\n\t\t\t<!-- END MasterSlider Main -->\n\n\t\t\t \n\t\t<\/div>\n\t\t<!-- END MasterSlider -->\n\n\t\t<script>\n\t\t( window.MSReady = window.MSReady || [] ).push( function( $ ) {\n\n\t\t\t\"use strict\";\n\t\t\tvar masterslider_a557 = new MasterSlider();\n\n\t\t\t\/\/ slider controls\n\t\t\t\/\/ slider setup\n\t\t\tmasterslider_a557.setup(\"MS69f1f12a0a557\", {\n\t\t\t\twidth           : 1140,\n\t\t\t\theight          : 500,\n\t\t\t\tminHeight       : 0,\n\t\t\t\tspace           : 0,\n\t\t\t\tstart           : 1,\n\t\t\t\tgrabCursor      : true,\n\t\t\t\tswipe           : true,\n\t\t\t\tmouse           : true,\n\t\t\t\tkeyboard        : false,\n\t\t\t\tlayout          : \"fullscreen\",\n\t\t\t\twheel           : false,\n\t\t\t\tautoplay        : true,\n                instantStartLayers:false,\n\t\t\t\tmobileBGVideo:false,\n\t\t\t\tloop            : true,\n\t\t\t\tshuffle         : false,\n\t\t\t\tpreload         : 2,\n\t\t\t\theightLimit     : true,\n\t\t\t\tautoHeight      : false,\n\t\t\t\tsmoothHeight    : true,\n\t\t\t\tendPause        : false,\n\t\t\t\toverPause       : false,\n\t\t\t\tfillMode        : \"fill\",\n\t\t\t\tcenterControls  : true,\n\t\t\t\tstartOnAppear   : false,\n\t\t\t\tlayersMode      : \"center\",\n\t\t\t\tautofillTarget  : \"\",\n\t\t\t\thideLayers      : false,\n\t\t\t\tfullscreenMargin: 0,\n\t\t\t\tspeed           : 20,\n\t\t\t\tdir             : \"h\",\n\t\t\t\tview            : \"fade\"\n\t\t\t});\n\n\t\t\t\n\t\t\t$(\"head\").append( \"<link rel='stylesheet' id='ms-fonts'  href='\/\/fonts.googleapis.com\/css?family=Poppins:700,regular' type='text\/css' media='all' \/>\" );\n\n\t\t\twindow.masterslider_instances = window.masterslider_instances || [];\n\t\t\twindow.masterslider_instances.push( masterslider_a557 );\n\t\t});\n\t\t<\/script>\n\n\n<h2>\n\t\tFR Mitgliedschaft\n\t<\/h2>\n\t<p>Der FSAI ist offen f\u00fcr neue Mitglieder. Seit seiner Gr\u00fcndung vor 75 Jahren vertritt der FSAI die Interessen von selbst\u00e4ndig erwerbenden Architektinnen und Architekten. Er ist der einzige patronale Berufsverband der Schweiz, der sich in den Bereichen Professioonalit\u00e4t und Ethik exklusv f\u00fcr Architekten engagiert.<\/p>\n\t\t\t<a href=\"\" target=\"_self\" role=\"button\" rel=\"noopener noreferrer\">\n\t\t\t\t\t\t\tAnmeldung\n\t\t\t\t\t<\/a>\n<h2>\n\t\tAgenda\n\t<\/h2>\n<h2>\n\t\tNews\n\t<\/h2>\n","protected":false},"excerpt":{"rendered":"<h2>\n\t\tFR Mitgliedschaft<br \/>\n\t<\/h2>\n<p>Der FSAI ist offen f\u00fcr neue Mitglieder. Seit seiner Gr\u00fcndung vor 75 Jahren vertritt der FSAI die Interessen von selbst\u00e4ndig erwerbenden Architektinnen und Architekten. Er ist der einzige patronale Berufsverband der Schweiz, der sich in den Bereichen Professioonalit\u00e4t und Ethik exklusv f\u00fcr Architekten engagiert.<\/p>\n<p>\t\t\t<a href=\"\" target=\"_self\" role=\"button\" rel=\"noopener noreferrer\"><br \/>\n\t\t\t\t\t\t\tAnmeldung<br \/>\n\t\t\t\t\t<\/a><\/p>\n<h2>\n\t\tAgenda<br \/>\n\t<\/h2>\n<h2>\n\t\tNews<br \/>\n\t<\/h2>\n","protected":false},"author":1,"featured_media":0,"parent":0,"menu_order":0,"comment_status":"closed","ping_status":"closed","template":"","meta":{"footnotes":""},"class_list":["post-147","page","type-page","status-publish","hentry"],"yoast_head":"<!-- This site is optimized with the Yoast SEO plugin v23.4 - https:\/\/yoast.com\/wordpress\/plugins\/seo\/ -->\n<title>fsai \u2013 Verband freierwerbender Schweizer Architekten - fsai - Verband freierwerbender Schweizer Architekten<\/title>\n<meta name=\"robots\" content=\"index, follow, max-snippet:-1, max-image-preview:large, max-video-preview:-1\" \/>\n<link rel=\"canonical\" href=\"https:\/\/www.fsai.ch\/fr\/\" \/>\n<meta property=\"og:locale\" content=\"fr_FR\" \/>\n<meta property=\"og:type\" content=\"article\" \/>\n<meta property=\"og:title\" content=\"fsai \u2013 Verband freierwerbender Schweizer Architekten - fsai - Verband freierwerbender Schweizer Architekten\" \/>\n<meta property=\"og:description\" content=\"FR Mitgliedschaft  Der FSAI ist offen f\u00fcr neue Mitglieder. Seit seiner Gr\u00fcndung vor 75 Jahren vertritt der FSAI die Interessen von selbst\u00e4ndig erwerbenden Architektinnen und Architekten. Er ist der einzige patronale Berufsverband der Schweiz, der sich in den Bereichen Professioonalit\u00e4t und Ethik exklusv f\u00fcr Architekten engagiert.      Anmeldung     Agenda   News\" \/>\n<meta property=\"og:url\" content=\"https:\/\/www.fsai.ch\/fr\/\" \/>\n<meta property=\"og:site_name\" content=\"fsai - Verband freierwerbender Schweizer Architekten\" \/>\n<meta property=\"article:modified_time\" content=\"2019-10-16T20:05:14+00:00\" \/>\n<meta name=\"twitter:card\" content=\"summary_large_image\" \/>\n<script type=\"application\/ld+json\" class=\"yoast-schema-graph\">{\"@context\":\"https:\/\/schema.org\",\"@graph\":[{\"@type\":\"WebPage\",\"@id\":\"https:\/\/www.fsai.ch\/fr\/\",\"url\":\"https:\/\/www.fsai.ch\/fr\/\",\"name\":\"fsai \u2013 Verband freierwerbender Schweizer Architekten - fsai - Verband freierwerbender Schweizer Architekten\",\"isPartOf\":{\"@id\":\"https:\/\/www.fsai.ch\/#website\"},\"datePublished\":\"2019-09-02T20:27:14+00:00\",\"dateModified\":\"2019-10-16T20:05:14+00:00\",\"breadcrumb\":{\"@id\":\"https:\/\/www.fsai.ch\/fr\/#breadcrumb\"},\"inLanguage\":\"fr-FR\",\"potentialAction\":[{\"@type\":\"ReadAction\",\"target\":[\"https:\/\/www.fsai.ch\/fr\/\"]}]},{\"@type\":\"BreadcrumbList\",\"@id\":\"https:\/\/www.fsai.ch\/fr\/#breadcrumb\",\"itemListElement\":[{\"@type\":\"ListItem\",\"position\":1,\"name\":\"Startseite\",\"item\":\"https:\/\/www.fsai.ch\/fr\/\"},{\"@type\":\"ListItem\",\"position\":2,\"name\":\"fsai \u2013 Verband freierwerbender Schweizer Architekten\"}]},{\"@type\":\"WebSite\",\"@id\":\"https:\/\/www.fsai.ch\/#website\",\"url\":\"https:\/\/www.fsai.ch\/\",\"name\":\"fsai - Verband freierwerbender Schweizer Architekten\",\"description\":\"\",\"publisher\":{\"@id\":\"https:\/\/www.fsai.ch\/#organization\"},\"potentialAction\":[{\"@type\":\"SearchAction\",\"target\":{\"@type\":\"EntryPoint\",\"urlTemplate\":\"https:\/\/www.fsai.ch\/?s={search_term_string}\"},\"query-input\":{\"@type\":\"PropertyValueSpecification\",\"valueRequired\":true,\"valueName\":\"search_term_string\"}}],\"inLanguage\":\"fr-FR\"},{\"@type\":\"Organization\",\"@id\":\"https:\/\/www.fsai.ch\/#organization\",\"name\":\"FSAI \u2013 Verband freierwerbender Schweizer Architekten\",\"url\":\"https:\/\/www.fsai.ch\/\",\"logo\":{\"@type\":\"ImageObject\",\"inLanguage\":\"fr-FR\",\"@id\":\"https:\/\/www.fsai.ch\/#\/schema\/logo\/image\/\",\"url\":\"https:\/\/www.fsai.ch\/wp-content\/uploads\/2019\/09\/logo-schwarz.png\",\"contentUrl\":\"https:\/\/www.fsai.ch\/wp-content\/uploads\/2019\/09\/logo-schwarz.png\",\"width\":450,\"height\":100,\"caption\":\"FSAI \u2013 Verband freierwerbender Schweizer Architekten\"},\"image\":{\"@id\":\"https:\/\/www.fsai.ch\/#\/schema\/logo\/image\/\"}}]}<\/script>\n<!-- \/ Yoast SEO plugin. -->","yoast_head_json":{"title":"fsai \u2013 Verband freierwerbender Schweizer Architekten - fsai - Verband freierwerbender Schweizer Architekten","robots":{"index":"index","follow":"follow","max-snippet":"max-snippet:-1","max-image-preview":"max-image-preview:large","max-video-preview":"max-video-preview:-1"},"canonical":"https:\/\/www.fsai.ch\/fr\/","og_locale":"fr_FR","og_type":"article","og_title":"fsai \u2013 Verband freierwerbender Schweizer Architekten - fsai - Verband freierwerbender Schweizer Architekten","og_description":"FR Mitgliedschaft  Der FSAI ist offen f\u00fcr neue Mitglieder. Seit seiner Gr\u00fcndung vor 75 Jahren vertritt der FSAI die Interessen von selbst\u00e4ndig erwerbenden Architektinnen und Architekten. Er ist der einzige patronale Berufsverband der Schweiz, der sich in den Bereichen Professioonalit\u00e4t und Ethik exklusv f\u00fcr Architekten engagiert.      Anmeldung     Agenda   News","og_url":"https:\/\/www.fsai.ch\/fr\/","og_site_name":"fsai - Verband freierwerbender Schweizer Architekten","article_modified_time":"2019-10-16T20:05:14+00:00","twitter_card":"summary_large_image","schema":{"@context":"https:\/\/schema.org","@graph":[{"@type":"WebPage","@id":"https:\/\/www.fsai.ch\/fr\/","url":"https:\/\/www.fsai.ch\/fr\/","name":"fsai \u2013 Verband freierwerbender Schweizer Architekten - fsai - Verband freierwerbender Schweizer Architekten","isPartOf":{"@id":"https:\/\/www.fsai.ch\/#website"},"datePublished":"2019-09-02T20:27:14+00:00","dateModified":"2019-10-16T20:05:14+00:00","breadcrumb":{"@id":"https:\/\/www.fsai.ch\/fr\/#breadcrumb"},"inLanguage":"fr-FR","potentialAction":[{"@type":"ReadAction","target":["https:\/\/www.fsai.ch\/fr\/"]}]},{"@type":"BreadcrumbList","@id":"https:\/\/www.fsai.ch\/fr\/#breadcrumb","itemListElement":[{"@type":"ListItem","position":1,"name":"Startseite","item":"https:\/\/www.fsai.ch\/fr\/"},{"@type":"ListItem","position":2,"name":"fsai \u2013 Verband freierwerbender Schweizer Architekten"}]},{"@type":"WebSite","@id":"https:\/\/www.fsai.ch\/#website","url":"https:\/\/www.fsai.ch\/","name":"fsai - Verband freierwerbender Schweizer Architekten","description":"","publisher":{"@id":"https:\/\/www.fsai.ch\/#organization"},"potentialAction":[{"@type":"SearchAction","target":{"@type":"EntryPoint","urlTemplate":"https:\/\/www.fsai.ch\/?s={search_term_string}"},"query-input":{"@type":"PropertyValueSpecification","valueRequired":true,"valueName":"search_term_string"}}],"inLanguage":"fr-FR"},{"@type":"Organization","@id":"https:\/\/www.fsai.ch\/#organization","name":"FSAI \u2013 Verband freierwerbender Schweizer Architekten","url":"https:\/\/www.fsai.ch\/","logo":{"@type":"ImageObject","inLanguage":"fr-FR","@id":"https:\/\/www.fsai.ch\/#\/schema\/logo\/image\/","url":"https:\/\/www.fsai.ch\/wp-content\/uploads\/2019\/09\/logo-schwarz.png","contentUrl":"https:\/\/www.fsai.ch\/wp-content\/uploads\/2019\/09\/logo-schwarz.png","width":450,"height":100,"caption":"FSAI \u2013 Verband freierwerbender Schweizer Architekten"},"image":{"@id":"https:\/\/www.fsai.ch\/#\/schema\/logo\/image\/"}}]}},"_links":{"self":[{"href":"https:\/\/www.fsai.ch\/fr\/wp-json\/wp\/v2\/pages\/147"}],"collection":[{"href":"https:\/\/www.fsai.ch\/fr\/wp-json\/wp\/v2\/pages"}],"about":[{"href":"https:\/\/www.fsai.ch\/fr\/wp-json\/wp\/v2\/types\/page"}],"author":[{"embeddable":true,"href":"https:\/\/www.fsai.ch\/fr\/wp-json\/wp\/v2\/users\/1"}],"replies":[{"embeddable":true,"href":"https:\/\/www.fsai.ch\/fr\/wp-json\/wp\/v2\/comments?post=147"}],"version-history":[{"count":5,"href":"https:\/\/www.fsai.ch\/fr\/wp-json\/wp\/v2\/pages\/147\/revisions"}],"predecessor-version":[{"id":433,"href":"https:\/\/www.fsai.ch\/fr\/wp-json\/wp\/v2\/pages\/147\/revisions\/433"}],"wp:attachment":[{"href":"https:\/\/www.fsai.ch\/fr\/wp-json\/wp\/v2\/media?parent=147"}],"curies":[{"name":"wp","href":"https:\/\/api.w.org\/{rel}","templated":true}]}}

<!-- MasterSlider -->
		<div id="P_MS69f1f12a0a557" class="master-slider-parent ms-parent-id-1"  >

			
			<!-- MasterSlider Main -->
			<div id="MS69f1f12a0a557" class="master-slider ms-skin-default" >
				 				 
			<div  class="ms-slide start-slider" data-delay="5.5" data-fill-mode="fill"   >
					<img decoding="async" src="https://www.fsai.ch/wp-content/plugins/masterslider/public/assets/css/blank.gif" alt="" title="" data-src="https://www.fsai.ch/wp-content/uploads/2019/09/fsai-header-1.jpg" />

					<div  class="ms-layer slidertitle msp-cn-1-5" style=""   data-effect="t(true,-500,n,n,n,n,n,n,n,n,n,n,n,n,n)"   data-ease="easeOutQuint"         data-resize="false"       data-offset-x="10" data-offset-y="-70" data-origin="ml" data-position="normal"  >
Netzwerk und<br>Kompetenz</div>

					<div  class="ms-layer slidertxt msp-cn-1-20" style="width:500px;"   data-effect="t(true,n,150,n,n,n,n,n,n,n,n,n,n,n,n)"  data-delay="400" data-ease="easeOutQuint"      data-fixed="true"   data-resize="false"       data-offset-x="10" data-offset-y="70" data-origin="ml" data-position="normal"  >
Der fsai legt Wert auf die kulturelle, soziale und wirtschaftliche Rolle des freierwerbenden Architekten, indem er auf eine nachhaltige Entwicklung achtet und permanent nach Qualität strebt.</div>

					<a  href="https://www.fsai.ch/ueber-uns/" target="_self" class="ms-layer sliderbutton msp-cn-1-21 ms-btn ms-btn-box ms-btn-n msp-preset-btn-84" data-effect="t(true,n,150,n,n,n,n,n,n,n,n,n,n,n,n)" data-duration="400" data-delay="1000" data-ease="easeOutQuint"      data-fixed="true"  data-type="button" data-resize="false"       data-offset-x="10" data-offset-y="150" data-origin="ml" data-position="normal"    >
mehr</a>


				</div>

			</div>
			<!-- END MasterSlider Main -->

			 
		</div>
		<!-- END MasterSlider -->

		<script>
		( window.MSReady = window.MSReady || [] ).push( function( $ ) {

			"use strict";
			var masterslider_a557 = new MasterSlider();

			// slider controls
			// slider setup
			masterslider_a557.setup("MS69f1f12a0a557", {
				width           : 1140,
				height          : 500,
				minHeight       : 0,
				space           : 0,
				start           : 1,
				grabCursor      : true,
				swipe           : true,
				mouse           : true,
				keyboard        : false,
				layout          : "fullscreen",
				wheel           : false,
				autoplay        : true,
                instantStartLayers:false,
				mobileBGVideo:false,
				loop            : true,
				shuffle         : false,
				preload         : 2,
				heightLimit     : true,
				autoHeight      : false,
				smoothHeight    : true,
				endPause        : false,
				overPause       : false,
				fillMode        : "fill",
				centerControls  : true,
				startOnAppear   : false,
				layersMode      : "center",
				autofillTarget  : "",
				hideLayers      : false,
				fullscreenMargin: 0,
				speed           : 20,
				dir             : "h",
				view            : "fade"
			});

			
			$("head").append( "<link rel='stylesheet' id='ms-fonts'  href='//fonts.googleapis.com/css?family=Poppins:700,regular' type='text/css' media='all' />" );

			window.masterslider_instances = window.masterslider_instances || [];
			window.masterslider_instances.push( masterslider_a557 );
		});
		</script>


<h2>
		FR Mitgliedschaft
	</h2>
	<p>Der FSAI ist offen für neue Mitglieder. Seit seiner Gründung vor 75 Jahren vertritt der FSAI die Interessen von selbständig erwerbenden Architektinnen und Architekten. Er ist der einzige patronale Berufsverband der Schweiz, der sich in den Bereichen Professioonalität und Ethik exklusv für Architekten engagiert.</p>
			<a href="" target="_self" role="button" rel="noopener noreferrer">
							Anmeldung
					</a>
<h2>
		Agenda
	</h2>
<h2>
		News
	</h2>

<h2>
		FR Mitgliedschaft<br />
	</h2>
<p>Der FSAI ist offen für neue Mitglieder. Seit seiner Gründung vor 75 Jahren vertritt der FSAI die Interessen von selbständig erwerbenden Architektinnen und Architekten. Er ist der einzige patronale Berufsverband der Schweiz, der sich in den Bereichen Professioonalität und Ethik exklusv für Architekten engagiert.</p>
<p>			<a href="" target="_self" role="button" rel="noopener noreferrer"><br />
							Anmeldung<br />
					</a></p>
<h2>
		Agenda<br />
	</h2>
<h2>
		News<br />
	</h2>

<!-- This site is optimized with the Yoast SEO plugin v23.4 - https://yoast.com/wordpress/plugins/seo/ -->
<title>fsai – Verband freierwerbender Schweizer Architekten - fsai - Verband freierwerbender Schweizer Architekten</title>
<meta name="robots" content="index, follow, max-snippet:-1, max-image-preview:large, max-video-preview:-1" />
<link rel="canonical" href="https://www.fsai.ch/fr/" />
<meta property="og:locale" content="fr_FR" />
<meta property="og:type" content="article" />
<meta property="og:title" content="fsai – Verband freierwerbender Schweizer Architekten - fsai - Verband freierwerbender Schweizer Architekten" />
<meta property="og:description" content="FR Mitgliedschaft  Der FSAI ist offen für neue Mitglieder. Seit seiner Gründung vor 75 Jahren vertritt der FSAI die Interessen von selbständig erwerbenden Architektinnen und Architekten. Er ist der einzige patronale Berufsverband der Schweiz, der sich in den Bereichen Professioonalität und Ethik exklusv für Architekten engagiert.      Anmeldung     Agenda   News" />
<meta property="og:url" content="https://www.fsai.ch/fr/" />
<meta property="og:site_name" content="fsai - Verband freierwerbender Schweizer Architekten" />
<meta property="article:modified_time" content="2019-10-16T20:05:14+00:00" />
<meta name="twitter:card" content="summary_large_image" />
<script type="application/ld+json" class="yoast-schema-graph">{"@context":"https://schema.org","@graph":[{"@type":"WebPage","@id":"https://www.fsai.ch/fr/","url":"https://www.fsai.ch/fr/","name":"fsai – Verband freierwerbender Schweizer Architekten - fsai - Verband freierwerbender Schweizer Architekten","isPartOf":{"@id":"https://www.fsai.ch/#website"},"datePublished":"2019-09-02T20:27:14+00:00","dateModified":"2019-10-16T20:05:14+00:00","breadcrumb":{"@id":"https://www.fsai.ch/fr/#breadcrumb"},"inLanguage":"fr-FR","potentialAction":[{"@type":"ReadAction","target":["https://www.fsai.ch/fr/"]}]},{"@type":"BreadcrumbList","@id":"https://www.fsai.ch/fr/#breadcrumb","itemListElement":[{"@type":"ListItem","position":1,"name":"Startseite","item":"https://www.fsai.ch/fr/"},{"@type":"ListItem","position":2,"name":"fsai – Verband freierwerbender Schweizer Architekten"}]},{"@type":"WebSite","@id":"https://www.fsai.ch/#website","url":"https://www.fsai.ch/","name":"fsai - Verband freierwerbender Schweizer Architekten","description":"","publisher":{"@id":"https://www.fsai.ch/#organization"},"potentialAction":[{"@type":"SearchAction","target":{"@type":"EntryPoint","urlTemplate":"https://www.fsai.ch/?s={search_term_string}"},"query-input":{"@type":"PropertyValueSpecification","valueRequired":true,"valueName":"search_term_string"}}],"inLanguage":"fr-FR"},{"@type":"Organization","@id":"https://www.fsai.ch/#organization","name":"FSAI – Verband freierwerbender Schweizer Architekten","url":"https://www.fsai.ch/","logo":{"@type":"ImageObject","inLanguage":"fr-FR","@id":"https://www.fsai.ch/#/schema/logo/image/","url":"https://www.fsai.ch/wp-content/uploads/2019/09/logo-schwarz.png","contentUrl":"https://www.fsai.ch/wp-content/uploads/2019/09/logo-schwarz.png","width":450,"height":100,"caption":"FSAI – Verband freierwerbender Schweizer Architekten"},"image":{"@id":"https://www.fsai.ch/#/schema/logo/image/"}}]}</script>
<!-- / Yoast SEO plugin. -->

FR Mitgliedschaft  Der FSAI ist offen für neue Mitglieder. Seit seiner Gründung vor 75 Jahren vertritt der FSAI die Interessen von selbständig erwerbenden Architektinnen und Architekten. Er ist der einzige patronale Berufsverband der Schweiz, der sich in den Bereichen Professioonalität und Ethik exklusv für Architekten engagiert.      Anmeldung     Agenda   News
